e
Is 2293211 a composite number?
True
Is 203918179 prime?
False
Is 19574683 prime?
True
Is 108502663 prime?
False
Is 69933203 a composite number?
False
Is 338147759 prime?
True
Is 7891259 a prime number?
True
Is 25904497 a prime number?
False
Is 3746317 prime?
True
Is 19234819 a prime number?
True
Is 10992598 prime?
False
Is 2031671 a prime number?
True
Is 1075951 a prime number?
False
Is 326382419 a composite number?
True
Is 40928761 prime?
True
Is 67033849 a composite number?
False
Is 23080229 composite?
False
Is 7337833 composite?
True
Is 216219 composite?
True
Is 61729571 a composite number?
False
Is 141416909 composite?
False
Is 6537019 a composite number?
False
Is 113258143 a composite number?
False
Is 105407761 prime?
False
Is 605687 a prime number?
True
Is 3100549 a composite number?
False
Is 3506929 prime?
True
Is 8668909 prime?
False
Is 366913 composite?
True
Is 23068571 a prime number?
True
Is 32524439 a composite number?
True
Is 80046433 composite?
True
Is 203891 prime?
False
Is 5380489 prime?
False
Is 226239913 prime?
True
Is 12997763 composite?
False
Is 13262903 a prime number?
True
Is 296990587 a prime number?
False
Is 548343067 prime?
False
Is 724091 composite?
True
Is 6891859 a composite number?
True
Is 304219541 a composite number?
True
Is 5099189 a composite number?
True
Is 223154 a prime number?
False
Is 2876015 a composite number?
True
Is 123140279 prime?
True
Is 5865703 a prime number?
True
Is 86437211 prime?
False
Is 387436097 composite?
False
Is 10267319 prime?
False
Is 56644789 a prime number?
False
Is 23739449 a prime number?
True
Is 95077127 a composite number?
False
Is 34435333 a prime number?
True
Is 273151217 composite?
False
Is 24143151 composite?
True
Is 2596313 a prime number?
False
Is 40539011 a prime number?
False
Is 5936027 composite?
True
Is 13156529 a composite number?
True
Is 53141149 prime?
False
Is 8307001 prime?
True
Is 53781367 a prime number?
True
Is 9993395 composite?
True
Is 20308753 prime?
True
Is 2658365 composite?
True
Is 1616763 a composite number?
True
Is 13032719 composite?
True
Is 12748631 a prime number?
False
Is 6280733 composite?
True
Is 259085 a prime number?
False
Is 407389793 prime?
True
Is 19746065 prime?
False
Is 2471071 prime?
True
Is 623923 a prime number?
True
Is 781853 prime?
True
Is 16218259 a composite number?
False
Is 46797353 a composite number?
False
Is 111011209 a prime number?
False
Is 6018865 prime?
False
Is 1611929 prime?
False
Is 8396741 a prime number?
True
Is 21698759 a prime number?
True
Is 2382697 a composite number?
False
Is 544557353 a composite number?
True
Is 3626123 a composite number?
True
Is 95701 a prime number?
True
Is 103284403 a prime number?
True
Is 20334757 composite?
False
Is 28995697 prime?
False
Is 36354839 a prime number?
True
Is 204345961 composite?
True
Is 3581971 a prime number?
True
Is 13714343 a composite number?
False
Is 35380217 prime?
True
Is 4231223 composite?
True
Is 121455547 prime?
True
Is 5659103 a prime number?
False
Is 427681 prime?
True
Is 257633515 a prime number?
False
Is 10826551 a prime number?
False
Is 33127 composite?
True
Is 272803457 a prime number?
False
Is 12469157 a composite number?
True
Is 373314829 prime?
True
Is 4562113 prime?
True
Is 148359567 composite?
True
Is 2026967 composite?
True
Is 1433711 a prime number?
True
Is 164330917 a prime number?
False
Is 42613511 a composite number?
True
Is 1582943 composite?
True
Is 11224307 composite?
True
Is 241338343 composite?
False
Is 250021579 a prime number?
False
Is 1322557 prime?
True
Is 14440253 a prime number?
False
Is 6310727 a prime number?
True
Is 53043 prime?
False
Is 13380509 a composite number?
True
Is 479977 prime?
False
Is 40262403 composite?
True
Is 429113189 prime?
True
Is 110227099 composite?
True
Is 2576003 a composite number?
False
Is 27607933 a composite number?
False
Is 15455483 composite?
True
Is 98494241 composite?
False
Is 5629849 a prime number?
False
Is 85331 composite?
False
Is 361409 a composite number?
False
Is 1009037 a prime number?
True
Is 9293333 a prime number?
False
Is 2499803 a composite number?
False
Is 64129907 prime?
True
Is 3949501 prime?
True
Is 7350653 a prime number?
True
Is 5119979 prime?
False
Is 300823 composite?
False
Is 10924607 a composite number?
True
Is 163004815 composite?
True
Is 4390313 a prime number?
False
Is 980194499 prime?
True
Is 7108373 composite?
True
Is 8593703 a composite number?
False
Is 29373761 prime?
True
Is 3842773 a prime number?
False
Is 4535669 a prime number?
False
Is 7554149 a composite number?
True
Is 24714751 a composite number?
True
Is 87039221 a composite number?
False
Is 88580743 a prime number?
True
Is 8394481 prime?
False
Is 10393127 composite?
False
Is 6462559 prime?
True
Is 20520611 composite?
True
Is 2481629 composite?
False
Is 8509835 prime?
False
Is 395665 a prime number?
False
Is 243928442 a prime number?
False
Is 13054127 prime?
True
Is 26711831 prime?
True
Is 2066215 a composite number?
True
Is 61277633 a prime number?
True
Is 1994453 composite?
True
Is 90962681 prime?
False
Is 8809577 prime?
False
Is 784825661 a prime number?
False
Is 964417 a composite number?
False
Is 11801759 a prime number?
True
Is 99453499 a prime number?
False
Is 12536467 a composite number?
False
Is 43857053 prime?
False
Is 23928739 composite?
True
Is 25247963 a prime number?
False
Is 16319273 composite?
False
Is 90812203 a prime number?
False
Is 286171 a prime number?
True
Is 82152047 composite?
False
Is 5835761 prime?
True
Is 1726094 composite?
True
Is 12529657 composite?
True
Is 2762479 composite?
False
Is 20705419 prime?
False
Is 2740907 a prime number?
False
Is 67217509 a prime number?
False
Is 1002569 composite?
False
Is 1623763 a prime number?
True
Is 2080513 a prime number?
False
Is 248312811 composite?
True
Is 446696423 a composite number?
True
Is 178737511 a composite number?
False
Is 1246191305 composite?
True
Is 190875353 a composite number?
False
Is 35117059 composite?
False
Is 130364219 a prime number?
True
Is 573101 a prime number?
True
Is 5614247 a prime number?
True
Is 105649 a prime number?
True
Is 26617531 a prime number?
True
Is 113311859 composite?
False
Is 13876601 a prime number?
True
Is 43450949 composite?
False
Is 522959 a composite number?
False
Is 41848931 composite?
False
Is 522111949 composite?
False
Is 18699311 prime?
True
Is 453239119 composite?
False
Is 64229419 composite?
False
Is 1012213 a composite number?
False
Is 7286731 composite?
True
Is 1745581 composite?
False
Is 22246753 composite?
True
Is 2229713 a prime number?
True
Is 30234437 composite?
False
Is 6105343 a prime number?
False
Is 29784179 a prime number?
True
Is 67465757 composite?
False
Is 23657809 a composite number?
True
Is 43667579 a prime number?
False
Is 4815817 prime?
True
Is 6417889 prime?
True
Is 49249883 prime?
False
Is 11450287 prime?
True
Is 32140963 prime?
False
Is 762168257 a composite number?
False
Is 2033501 composite?
True
Is 13104557 prime?
True
Is 11561993 prime?
False
Is 46708457 prime?
False
Is 173934251 a composite number?
False
Is 4241 prime?
True
Is 911507 prime?
True
Is 445135643 composite?
False
Is 2114761 prime?
False
Is 152907103 prime?
True
Is 40729661 a prime number?
False
Is 147951827 prime?
True
Is 9697801 prime?
True
Is 943987 a prime number?
False
Is 202277 a prime number?
True
Is 238781 composite?
False
Is 1633837 a composite number?
False
Is 38113055 prime?
False
Is 1444411 a prime number?
True
Is 7231447 a composite number?
True
Is 267299 composite?
False
Is 15103697 a composite number?
True
Is 10061099 composite?
False
Is 2810573 a prime number?
False
Is 40647469 composite?
False
Is 3963467 prime?
True
Is 169870997 a composite number?
False
Is 26906423 prime?
True
Is 3633431 prime?
True
Is 1683649 prime?
False
Is 45524749 composite?
False
Is 15338119 prime?
True
Is 4936147 a composite number?
True
Is 1913621 a prime number?
False
Is 29532799 composite?
True
Is 810947 composite?
True
Is 2802257 prime?
True
Is 7868741 a prime number?
True
Is 525672077 composite?
True
Is 5153003 a composite number?
True
Is 9558491 prime?
True
Is 152307529 prime?
False
Is 263796073 a prime number?
True
Is 7287023 a composite number?
True
Is 2240015 a prime number?
False
Is 41476433 prime?
False
Is 1469